
What is -13 + -16 + 21 + -17?
-25
((5 - -3 - 4) + -3 - -14) + -2
13
-8 - 1 - (268 + -281 + (21 - 0))
-17
Calculate -66 + (20 - (-37 + 16)).
-25
Evaluate (-3 - -4) + (7 + -2 - -3 - 15).
-6
Calculate -10 - -15 - (4 - (4 + -7)).
-2
(6 - (7 + (5 - 9) + 0)) + -2
1
-3 + 7 - (2 + -12)
14
Evaluate 2 - (-4 + 2 - -2).
2
What is the value of 21 + -3 + (-19 - -15 - (0 - 0))?
14
What is (-24 - -38) + -21 - -21?
14
Evaluate -23 + 15 + (22 - 3 - 4).
7
What is the value of -7 - ((-2 - (0 - 7)) + 4 + -5)?
-11
What is the value of -1001 + 1012 + 9 + 0 + -1?
19
Evaluate 39 - (31 - 0) - (-2 + 2 + 8).
0
27 + -12 - (18 + 6)
-9
What is -4 - (-32 + 42) - (-37 - -1)?
22
What is the value of -19 + -8 + -4 + 28?
-3
What is -11 - (-4 - 2) - (-2 - 6)?
3
What is the value of (-4 - -7) + 9 + -17 + 9?
4
What is 9 + -2 + 2 + (-20 - -13)?
2
What is the value of (-2 - 7) + -4 + (-4 - -29)?
12
(3 - 0 - (2 + -8)) + -15
-6
Evaluate (5 - (-47 - -48 - (1 + -7))) + 25.
23
Calculate (-105 + 114 - (0 + 38)) + 5.
-24
Evaluate -3 + -6 - (4 + -1 + -9 - 12).
9
Calculate -22 + (0 + -1 - -9 - -4).
-10
What is the value of (-8 + 2 - -13) + -12?
-5
What is 45 - 40 - (1 - -1)?
3
What is the value of -15 - -10 - (1 + 1) - (95 - 99)?
-3
Calculate (-1 + 1 - -1) + 7 + 12 + -23.
-3
What is (-12 - 0) + 4 + 5 + 2 + 9?
8
(-4 + -41 - -19) + 16 + 39
29
What is -10 + 16 + -55 + 85?
36
Evaluate 4 + (20 - (7 + 3)) + -8.
6
What is (-1 - -16) + (37 + -21 - 14)?
17
Calculate (-14 - -29) + 7 + -1 - (1 + 0).
20
Evaluate -1 + (-5 - (-3 - (34 - 10))).
21
Evaluate 5 + -2 + 0 + (28 - 23).
8
8 + 21 + 10 + 0 + -19
20
31 - (3 + -3) - (25 - (0 + 19))
25
Calculate 0 - 6 - ((1 - 1) + -3 + 9).
-12
What is the value of 15 - 1 - (-70 - -90)?
-6
Evaluate -48 + -3 - (251 - 278).
-24
What is -7 + (9 - ((0 - 2) + -3))?
7
Evaluate 11 - (4 + (7 - 10) - (-2 + 4)).
12
What is the value of 3 - (-7 - 3 - -6)?
7
Evaluate -32 + (-3 + 72 - 47).
-10
What is the value of (22 - 29) + -18 + -2 + 4?
-23
Calculate 15 + -18 + (20 + -12 - 8).
-3
Calculate 17 + 13 + -60 - -18.
-12
(10 - 55 - -10) + (1 - -10)
-24
Calculate 16 + -25 + (-14 - (5 - 30)).
2
Evaluate 2 - (-11 - (-7 + 2)) - (-6 + -9).
23
Calculate -630 + 645 - ((-2 - -1) + 34).
-18
What is 36 - (10 - 5) - 1?
30
What is 0 - -9 - (18 + (-13 - -4))?
0
Calculate 4 + -6 + -8 + 5 - (-1 - 17).
13
Calculate -10 + 26 + 19 + -49.
-14
8 - 1 - (7 + 2 + -2) - -2
2
Evaluate (16 - 0) + -316 + 326.
26
What is the value of (-1 + 0 - 2) + -32 + 10 + 30?
5
Evaluate 23 - -1 - (53 - 11 - 43).
25
Calculate 1 + -6 + (11 - 24).
-18
What is (-14 - (-1 - 5) - -1) + 11 - -11?
15
Calculate (13 - 12) + (-4 - -37) - (9 - 1).
26
What is the value of -23 - 0 - (-441 - -435)?
-17
Calculate -12 + -8 + (3 - -1) + -3.
-19
(-3 - 6) + 9 + 3 + 2 + 12
17
Evaluate (-3 - (-1 - -2) - 2) + -136 + 125.
-17
Evaluate (-6 + -2 + 8 + 5 - 21) + -7.
-23
What is the value of (-3 + 1 - 9 - (-123 - -121)) + 3?
-6
-3 + 3 - -14 - (21 + -15 + -15)
23
What is the value of (-12 - (30 + -14) - (-6 + 2)) + 1?
-23
What is -3 + -3 - 3 - (-26 - -5)?
12
What is (-36 - -5) + 0 + (-20 - (13 + -32))?
-32
What is (-6 - 1) + -4 + 14?
3
Calculate (-1 - -6) + ((-5 - -18) + -8 - 5).
5
Evaluate -2 - (2 - (-8 - -3) - (4 - -7)).
2
What is the value of -45 - (-11 + -86 + 25)?
27
What is the value of 3 + (28 - (14 - (-10 - -12)))?
19
What is -2 - (-4 + (0 + (14 - 9) - 3))?
0
Evaluate 7 + (1 - -4 - 14) - (-15 - 4).
17
What is the value of (2 - 36) + (-14 - -8) + -15 + 24?
-31
Calculate -7 + -2 + (-2 - -4 - (17 - 5)).
-19
Calculate 29 + (53 - 50 - (0 - -8)).
24
Evaluate 10 + (-10 - 3 - -1).
-2
Evaluate (-4 - 1 - 2) + 1 - -3.
-3
Calculate -28 + (16 - 0) + -3.
-15
(9 - (11 - (10 + -9))) + (-20 - 4)
-25
What is the value of 4 + -1 + 14 + -5 - 8?
4
29 - (50 + -33) - (1 - 7)
18
Calculate 5 + 1 - (55 + (17 - 70)).
4
What is the value of (0 - 0) + -2 - (11 - 12)?
-1
What is the value of -24 + -1 + 33 + -28 - -18?
-2
(-2 - 6) + (127 - 118) + (19 - -2)
22
Calculate 3 - 1 - 0 - 9.
-7
-9 + (-15 - -8) + 13 + 6
3
Calculate (12 - 10) + -16 + 11 - 9.
-12
Calculate -17 - (5 + 3 - 4 - 23).
2
-21 - -47 - 22 - (-5 + -1)
10
What is the value of 10 - (3 + 13) - -12?
6
45 + (-33 - 18) - (2 - 0)
-8
Evaluate -7 + 0 + -12 + 13.
-6
-12 - (0 - 21 - (96 + -85))
20
What is -1 - (2 + -11 + -4 + 7 - -6)?
-1
What is the value of (-5 + 9 - 4 - -7) + -18?
-11
1 + -17 - (70 - 86)
0
-14 - -47 - (8 + -7 + 11)
21
Evaluate -12 + (-19 - -15) + 17.
1
Evaluate -479 - -496 - (1 - 14).
30
Evaluate -17 + 14 + 1 - 5.
-7
Evaluate 3 - -1 - -5 - (-212 - -246).
-25
What is (8 + -9 - -33) + (6 - 11) + -9?
18
Evaluate 10 + (7 - (13 + 10)) + -5.
-11
What is (21 - -36) + -46 - (-4 - -1)?
14
-1 + -8 + (-53 - -13) + 34
-15
Evaluate -7 + 0 - ((46 - 21) + -4).
-28
What is the value of 2 + 2 - (-139 + 130)?
13
-28 - (-10 - 0) - -16
-2
Calculate (0 + 8 - (78 + -76)) + -19 + 1.
-12
Calculate 7 + (13 + -23 - 8).
-11
-5 + 1 + (-10 - (12 - 15)) + -14
-25
What is (-11 - -1) + (281 - 280)?
-9
Evaluate 1 + (22 - (-5 + 14)) + 3 + 4.
21
Evaluate (188 - 214) + (14 - -1) + 32.
21
Evaluate (-4 - 0) + 10 + -42 + -6 + 7.
-35
Calculate (-1 - (4 - 6 - 4)) + -7 + -7.
-9
4 + 4 + -33 + (9 - 1)
-17
12 - (-10 - (-10 + -1 + -4))
7
Calculate -4 + -10 + 8 + (3 - -4).
1
Calculate (354 - 372 - (1 - 31)) + 1 + 21.
34
17 + (-22 - -10) - (1 - -1)
3
Calculate -2 + 0 + -14 + 12.
-4
What is 36 + (-4 - 15 - 9)?
8
Evaluate -60 - -34 - (8 - 24) - (2 - 24).
12
Evaluate (-5 - 4) + 29 + -40.
-20
3 - ((46 - 21) + (2 - -1 - 6))
-19
What is 313 + -313 + (-1 - -1) + -1 + -28?
-29
22 + 5 + 7 + -89 + 88
33
What is -11 + (9 + -3 - -4) + 1 + -11?
-11
-17 - (3 - 2) - (-7 + -2)
-9
Evaluate (10 - -1) + 0 + (-20 - -9) + 8.
8
What is the value of -9 - -25 - 7 - 13 - 2?
-6
-1 - 0 - (-1 - 10 - -5) - -7
12
What is -12 - (14 + -32 + -10)?
16
Calculate -2 + (-5 - -3) + 4 - (-54 - -44).
10
Calculate -22 - (-2 + -31) - 37.
-26
Calculate 2 + -11 - (14 + -32).
9
What is -12 - (-2 - (-6 - (-6 - 0)) - -2)?
-12
What is the value of (63 - 72) + (-2 - -4) + 0?
-7
Evaluate 0 + 5 + (63 - 63).
5
What is the value of 542 + -540 + (3 - 2 - 35)?
-32
Calculate 1 + (3 - 5 - 2) + 6 - 8.
-5
Calculate 13 + (-2 - 0) - (114 + -118).
15
What is 10 - (5 - 3 - -14) - (-1 - 14)?
9
-15 - (-47 - (-65 - -24))
-9
Calculate 4 - ((10 - 0) + (-44 - (-9 + -1))).
28
What is 27 - (-21 - (-63 - 17))?
-32
18 + -10 + -23 - 8
-23
Evaluate 1 + (0 - 0) - (-124 - -124).
1
What is 3 + (15 - 8) + -25?
-15
What is -2 + 2 - (6 + -6 - 13)?
13
What is the value of (1 - (11 - (-7 - 1))) + 6?
-12
What is the value of 10 + -14 + -8 + 8 - (-4 + 1)?
-1
What is 7 + -1 + 1 + (-4 - 4)?
-1
-67 + -18 - -39 - -59
13
What is the value of 2 + 15 + -46 + 12?
-17
Calculate -11 + 1 + -10 + -6 + -4 + 17.
-13
Calculate -5 - (1 + -19 + 19 + -10 + -5).
9
Evaluate 12 + (-15 - 18) - -15.
-6
Evaluate (-36 - -85) + -4 + -29.
16
What is -14 + 5 + -8 + 26?
9
What is the value of -6 + -10 + 9 + (11 - 7) + -9?
-12
Evaluate 0 + -14 - (0 + 0 + -4).
-10
Calculate -3 + (14 + -15 - (2 + 1)).
-7
Calculate (24 - 7) + 17 + -24 + 2.
12
What is the value of -17 + -3 + (16 - -6)?
2
What is (-6 + 10 - (-1 - 1)) + 12 + -3?
15
Calculate -5 - -21 - (48 + -15).
-17
What is the value of (-2 - -3 - 25) + 39?
15
Calculate -15 - (-14 - (-25 + 22)).
-4
What is (-8 - (9 + -22)) + -11?
-6
-11 + -27 + 8 - -7
-23
Calculate (-13 - (1 + -5) - 11) + 13.
-7
What is the value of 0 - 2 - 3 - (-30 + (5 - -5))?
15
What is (1 - 0) + (-25 + -15 - -27)?
-12
What is -2 + 0 - -8 - (-11 + 34)?
-17
What is the value of (5 + (8 - 16) - 7) + 13?
3
Evaluate (-71 - -59 - (-1 + -3)) + 19.
11
37 - -1 - (7 + -9) - (41 - 36)
35
Evaluate -3 + (-8 - -9 - 6) - -2.
-6
What is the value of (0 - (-6 + (-8 - -6) + 12)) + -12?
-16
What is 9 + (-11 - -8 - (4 - (6 - 4)))?
4
-5 + -4 + 14 + 0 - (-3 - 2)
10
1 + 4 + 7 + -24 + 2
-10
Evaluate 8 - (-31 + 30 - (-19 + (-4 - -2))).
-12
What is the value of -12 - 11 - (-10 - (-6 - -1))?
-18
(-6 - 11) + (-34 - -17 - -31)
-3
What is (4 - (-1 + -3 - -30)) + 2 - -4?
-16
Evaluate -9 - (-53 - 1 - (-115 - -106)).
36
Evaluate 1 + -2 + (-4 - (14 - 20)) + 4.
5
-2 - 2 - (-23 + 27 + (-12 - -1))
3
7 + -11 + (28 - 19)
5
Evaluate 7 + 4 + -10 - (11 + 2).
-12
Calculate -10 + 3 - (-44 + 3 + 14).
20
What is the value of 27 + -26 - (7 - (1 + -3))?
-8
Evaluate -11 + ((-3 - 2) + 4 - -14)